{"id":572,"date":"2023-03-20T09:49:22","date_gmt":"2023-03-20T08:49:22","guid":{"rendered":"https:\/\/grit-uhlig.de\/?page_id=572"},"modified":"2023-03-30T20:27:14","modified_gmt":"2023-03-30T18:27:14","slug":"merchandise","status":"publish","type":"page","link":"https:\/\/grit-uhlig.de\/?page_id=572","title":{"rendered":"Merchandise"},"content":{"rendered":"<p>Lieber Interessent, ich m\u00f6chten Dir gerne einige Merchandiseartikel aus meiner Kunst anbieten.<br \/>\nIch m\u00fcsste f\u00fcr ein konkretes Angebot aber die eventuelle Bestellmenge wissen<br \/>\n(Berechnungsbasis: Versandkosten, Verpackung, mit KEP lieferbar oder Spedition, kommt auf die Gr\u00f6\u00dfe an, etc.).<\/p>\n<p>Ich biete folgende Merchandise-Artikel aus meiner hergestellten Kunst an:<br \/>\n<img loading=\"lazy\" decoding=\"async\" class=\"size-medium wp-image-337 alignright\" src=\"https:\/\/grit-uhlig.de\/wp-content\/uploads\/2023\/02\/HIHI-300x300.jpg\" alt=\"\" width=\"200\" height=\"200\" srcset=\"https:\/\/grit-uhlig.de\/wp-content\/uploads\/2023\/02\/HIHI-300x300.jpg 300w, https:\/\/grit-uhlig.de\/wp-content\/uploads\/2023\/02\/HIHI-150x150.jpg 150w, https:\/\/grit-uhlig.de\/wp-content\/uploads\/2023\/02\/HIHI-116x116.jpg 116w, https:\/\/grit-uhlig.de\/wp-content\/uploads\/2023\/02\/HIHI.jpg 512w\" sizes=\"auto, (max-width: 200px) 100vw, 200px\" \/><br \/>\n&#8211; Buttons<br \/>\n&#8211; Pins<br \/>\n&#8211; Bedruckte Tassen<br \/>\n&#8211; T-Shirt<br \/>\n&#8211; Poloshirt<br \/>\n&#8211; Pullover<br \/>\n&#8211; Hoddis<br \/>\n&#8211; Baby Strampler<br \/>\n&#8211; Poster<br \/>\n&#8211; Regenschirm<br \/>\n&#8211; Kissen<br \/>\n&#8211; Magnete<br \/>\n&#8211; Decken<br \/>\n&#8211; Handt\u00fccher<\/p>\n<p>Lieben Dank f\u00fcr Deine Anfrage, ich werde diese schnellstm\u00f6glich bearbeiten.<\/p>\n<p>Grit, ver_wunder_lich<\/p>\n","protected":false},"excerpt":{"rendered":"<p>Lieber Interessent, ich m\u00f6chten Dir gerne einige Merchandiseartikel aus meiner Kunst anbieten. Ich m\u00fcsste f\u00fcr ein konkretes Angebot aber die eventuelle Bestellmenge wissen (Berechnungsbasis: Versandkosten, Verpackung, mit KEP lieferbar oder Spedition, kommt auf die Gr\u00f6\u00dfe an, etc.). Ich biete folgende Merchandise-Artikel aus meiner hergestellten Kunst an: &#8211; Buttons &#8211; Pins &#8211; Bedruckte Tassen &#8211; T-Shirt&hellip;&nbsp;<a href=\"https:\/\/grit-uhlig.de\/?page_id=572\" rel=\"bookmark\">Weiterlesen &raquo;<span class=\"screen-reader-text\">Merchandise<\/span><\/a><\/p>\n","protected":false},"author":1,"featured_media":0,"parent":0,"menu_order":0,"comment_status":"closed","ping_status":"closed","template":"","meta":{"neve_meta_sidebar":"","neve_meta_container":"","neve_meta_enable_content_width":"on","neve_meta_content_width":60,"neve_meta_title_alignment":"","neve_meta_author_avatar":"","neve_post_elements_order":"","neve_meta_disable_header":"","neve_meta_disable_footer":"","neve_meta_disable_title":"","two_page_speed":[],"footnotes":""},"class_list":["post-572","page","type-page","status-publish","hentry"],"_links":{"self":[{"href":"https:\/\/grit-uhlig.de\/index.php?rest_route=\/wp\/v2\/pages\/572","targetHints":{"allow":["GET"]}}],"collection":[{"href":"https:\/\/grit-uhlig.de\/index.php?rest_route=\/wp\/v2\/pages"}],"about":[{"href":"https:\/\/grit-uhlig.de\/index.php?rest_route=\/wp\/v2\/types\/page"}],"author":[{"embeddable":true,"href":"https:\/\/grit-uhlig.de\/index.php?rest_route=\/wp\/v2\/users\/1"}],"replies":[{"embeddable":true,"href":"https:\/\/grit-uhlig.de\/index.php?rest_route=%2Fwp%2Fv2%2Fcomments&post=572"}],"version-history":[{"count":7,"href":"https:\/\/grit-uhlig.de\/index.php?rest_route=\/wp\/v2\/pages\/572\/revisions"}],"predecessor-version":[{"id":641,"href":"https:\/\/grit-uhlig.de\/index.php?rest_route=\/wp\/v2\/pages\/572\/revisions\/641"}],"wp:attachment":[{"href":"https:\/\/grit-uhlig.de\/index.php?rest_route=%2Fwp%2Fv2%2Fmedia&parent=572"}],"curies":[{"name":"wp","href":"https:\/\/api.w.org\/{rel}","templated":true}]}}